r) = r**2 - 3*r. Let y be 2 - (-3 + 0) - 2. Calculate b(y).
0
Let d be 0 + 0 + 1 + -6. Let i(m) = -m**3 - 4*m**2 + 5*m - 6. What is i(d)?
-6
Let v(b) = 3 + 3 + 0 - 5*b + 2*b**2 - b**3 - 10*b**2. Calculate v(-7).
-8
Let k(x) = -7*x - 1. Suppose 0*c + 3*h = -2*c + 3, h = -3*c + 8. Suppose c*b = -2*b - 5. Let m be (b + 2)*(0 + -1). Determine k(m).
6
Let q be (-3 - -1)*(-1)/(-2). Let r be 0/q - (-2)/1. Let i(h) = h**2 - 2*h - 2. Calculate i(r).
-2
Let w(u) be the first derivative of -u**3/3 + 4. Suppose 0 = -m - 5*t + 28, t - 2 = 3. Let z be m/((-2)/(8/6)). What is w(z)?
-4
Let f(l) = l + 10. Let a(g) = -g**2 + 10*g + 16. Let h be a(12). What is f(h)?
2
Let a(z) = -1 + z**2 - 2 - 1 + 1. What is a(3)?
6
Suppose 0 = 4*u - 23 + 3, 3*a + 5*u - 25 = 0. Let p(n) = -n**3 - n**2 - n + 2. Calculate p(a).
2
Let f(u) = -u**2 - 8*u - 4. Let h(x) = 2*x**2 + 15*x + 8. Let b(g) = -11*f(g) - 6*h(g). Give b(-3).
-7
Let z(w) = 3*w + 5. Let b(u) = -13*u - 19. Let k(y) = 2*b(y) + 9*z(y). Give k(-5).
2
Suppose 20 = -s + 17. Let o(p) = 9*p + 7. Let f(b) = 4*b + 3. Let l(c) = 13*f(c) - 6*o(c). Determine l(s).
3
Let u(p) = -9*p - 3. Let w(l) = -4*l - 1. Let n(s) = -6*u(s) + 13*w(s). Let f be (-1)/(12/99)*8. Let t be f/14 + (-8)/28. What is n(t)?
-5
Let o(c) be the third derivative of c**6/120 + c**5/12 - c**4/12 + c**3/2 + 20*c**2. What is o(-5)?
13
Let k(p) = -p**3 - 3*p**2 + 2*p - 5. Suppose 2*i - 390 = 106. Let h be i/(-60) + 6/45. Give k(h).
3
Let x(f) = f**3 + f**2 - f + 2. Suppose u = 2*u. Determine x(u).
2
Suppose 2*i = 21 - 11. Let h(c) = -c**2 + 5*c + 5. Determine h(i).
5
Suppose 0 = -m - 17 - 5. Let f be (-2)/4 + m/(-4). Suppose 3*i + 0*h = 2*h - 14, 5*i + f*h + 15 = 0. Let u(t) = t**2 + 6*t + 3. Calculate u(i).
-5
Let u(l) be the third derivative of -l**5/60 - 7*l**4/24 + l**3/2 - 11*l**2. What is u(-6)?
9
Let h = -6 + 4. Let g(k) = -3 + 0 - 3*k + 2. Determine g(h).
5
Let d = -2 + 6. Suppose 4*p = 4*c, 2 - 1 = -5*c + d*p. Let y be ((-1)/c)/(1/(-2)). Let f(w) = 4*w + 1. Calculate f(y).
-7
Let b(c) be the second derivative of -c**3/6 - 9*c. Determine b(-5).
5
Let d = -4 - -7. Let a(s) = 4 - 12*s**d + 6*s**2 + 2*s + 13*s**3 + 5. Give a(-6).
-3
Let r = 2 - 0. Let q be (-15)/(-2)*r/3. Let j(i) be the second derivative of i**3/6 - i. What is j(q)?
5
Suppose -3*y + 165 = 2*y. Suppose y = 3*f + 9. Let a = -6 + f. Let p(o) = -o - 1. What is p(a)?
-3
Let g(a) = -3*a + 4. Let m be g(3). Let d(v) = -6*v + 3 + 4*v - v**3 - 5*v**2 + v. Calculate d(m).
8
Suppose 0 = 2*p - 7*p - 5. Let i(m) = -m**2 + 1. Determine i(p).
0
Let o = -19 + 17. Let n(g) = g**2 - 7*g + 1. Let y(t) = t**2 - 4*t + 1. Let z(m) = -3*n(m) + 5*y(m). Determine z(o).
8
Let t(j) = 1. Let o(w) = w**2 + 8*w - 4. Let n(k) = -o(k) - 4*t(k). Give n(-6).
12
Suppose 0 = -2*u + o + 2, 4*o + 0*o + 8 = -5*u. Suppose -5*g + 0*g = u. Let c(z) = g*z - 4*z - 3 + 0*z - z**2 - 2*z**2. Determine c(-2).
-7
Suppose 0 = l + 4*l - 10. Let r(v) = 0 + 1 - l*v - 2. Give r(-1).
1
Let h(i) be the first derivative of -17*i**4/4 + i**3/3 + i**2/2 - 22. Calculate h(-1).
17
Let l(s) be the second derivative of 2*s**3/3 - s**2 + s. Let y = 149 + -147. What is l(y)?
6
Let s(b) = -b**3 + 5*b**2 + 4*b - 2. Let q = -3 + 52. Let w be 308/q - 2/7. What is s(w)?
-14
Let z be 290/60 + 1/6. Let o(r) = 2*r - 5. Determine o(z).
5
Let g = -10 + 12. Let h be 11/(-22) - g/(-4). Let q(l) = -l. What is q(h)?
0
Let p(x) = -7*x**3 - x**3 - 4*x - 5*x**2 + 7*x**3 - 5. What is p(-4)?
-5
Let b(o) = 5*o - 1. Let y = -26 - -29. What is b(y)?
14
Let h(z) = -4*z**2 - 2*z - 6. Let p(s) = s**2 + 1. Suppose 0 = 7*w - 3*w - 4. Let y(m) = w*h(m) + 5*p(m). What is y(3)?
2
Suppose -10 = -j - 4. Suppose m + 0*m = j. Let v(b) = 36*b - 54*b - 4 + 3 - b**2 + 25*b. Calculate v(m).
5
Let g(d) = d**2 + 8*d - 8. Suppose -5*v - 4*u = 24, v + 13*u - 8 = 9*u. Determine g(v).
-8
Let z(f) = -f**3 - f. Let a(r) = -3*r**3 + r**2 - 3*r - 7. Let o(w) = a(w) - 2*z(w). Determine o(0).
-7
Let k(s) = -s**2 - 6*s - 7. Let u(d) = -5*d**2 - 1. Let y be u(1). What is k(y)?
-7
Let n = 5 - 3. Suppose n*o = -0*w - w, -2*o + 6 = 4*w. Let b(i) = 3*i**2 + i + 1. Determine b(o).
3
Let x(w) = w**3 - 2*w - 1. Let l(j) = -3*j**2 - 5 - 6*j + 2*j**2 + 2*j. Let h be l(-3). Calculate x(h).
-5
Let c(k) = -k**3 - 5*k**2 - k + 5. Let u(g) = -g + 3*g - g - 4*g**2 + g**3. Let v be u(4). Suppose -v*y - 2 = 14. Calculate c(y).
-7
Let l(j) = -j**3 - 5*j**2 + 6*j + 7. Suppose 4*g + 6 = g. Let y be g + -3*(-8)/(-6). Calculate l(y).
7
Let r(t) = -t. Let u be (3/2)/(3/20). Suppose 5*m + 2*d + 15 = -3*d, -2*d - u = 0. Suppose m*g + 30 - 6 = -4*z, 2*z = -2*g - 14. Give r(z).
5
Let c = 9 + 13. Let d(i) = -12*i + 14. Let v(x) = -x + 1. Let q(g) = c*v(g) - 2*d(g). Calculate q(5).
4
Let l(h) = -7*h**2 - 3 + 7*h**2 - 2*h**2 + h**2 - h**3. Give l(0).
-3
Let l(j) = j**2 - 10*j + 9. Suppose 0*c = -5*c + 35. What is l(c)?
-12
Let f(m) = 5*m**3 - 3*m**2 - 6*m - 9. Let d(y) = -4*y**3 + 3*y**2 + 5*y + 8. Let s(c) = 4*d(c) + 3*f(c). Calculate s(4).
-3
Let w = -23 + 28. Let f(d) = -d**2 + 5*d - 3. Determine f(w).
-3
Let o(s) = -s**3 - 2*s**2. Suppose 0 = 3*u + 8 - 2. Determine o(u).
0
Let n(q) = 2 + 2 + 3*q**2 - 2*q + 0*q**2 - q**3 + q**2. Let t(i) = -i**3 - 4*i**2 + 10*i - 8. Let j be t(-6). What is n(j)?
-4
Let a(p) = 2*p + 38. Let x be a(-19). Let s(w) = -w + 4. Let l(f) = -2*f + 8. Let u be 4/(2 + 1 + -1). Let d(g) = u*l(g) - 5*s(g). Calculate d(x).
-4
Suppose 21*j - 4 = 23*j. Let o(t) = 4*t**2 + t + 1. Give o(j).
15
Let g(c) be the second derivative of -c**3/6 + c**2/2 + 11*c. Calculate g(-4).
5
Let z(r) be the second derivative of -r**3/6 - 3*r**2/2 - 3*r. What is z(-4)?
1
Suppose -5*c + 5 = -5*b, 8*c = 3*c + b + 21. Suppose -2 = c*i + 18. Let q(f) = f**2 + 6*f + 4. What is q(i)?
-4
Suppose 8*f - 3*f + 2*t = -46, -3*t + 7 = -2*f. Let y(d) be the third derivative of d**4/24 + 2*d**3/3 - 7*d**2. Determine y(f).
-4
Suppose 2*r + 3*o + 4 = 0, 0*o = -3*r - o + 1. Let u(b) = -3*b - 1 - 3 - 2*b**2 + b**3 + r. Give u(3).
-3
Let v be ((-16)/40)/((-2)/(-20)). Let o(s) = 3*s + 3. Determine o(v).
-9
Let u(t) be the first derivative of -t**2 + 6*t + 1. Suppose -14 = -4*p + 2. What is u(p)?
-2
Suppose -3*u - 4*d = -u - 16, u = -3*d + 12. Let k(y) be the first derivative of y**4/4 - y**3/3 + y**2/2 - 7*y + 1. Determine k(u).
-7
Let q(v) = -3*v**3 + 7*v**2 - 5*v + 8. Let k(r) = 5*r + 2*r**3 - r - 7 - 3*r**2 - 3*r**2. Let l(f) = 4*k(f) + 3*q(f). Suppose 0*b = -2*b - 6. Give l(b).
-7
Let h(o) = o**3 - 5*o**2 + 3*o + 4. Let z(u) = u - 3. Let t be 21/(-12)*(1 - 5). Let l be z(t). Give h(l).
0
Let j(y) = -2*y**2 + 4*y - 3. Suppose -9*o + 14*o = 20. Calculate j(o).
-19
Let u(i) = -i**2 + 2*i - 3. Let m(h) = -h**2 + 3*h - 3. Let x(b) = 6*m(b) - 5*u(b). Determine x(5).
12
Let c(y) = -y**3 + 1. Let r(u) be the third derivative of u**4/12 + u**3/3 + 2*u**2. Suppose -8 = 5*b + 2. Let q be r(b). Give c(q).
9
Let f(u) = -u**2 + 1 + 1 - 8*u + u. Determine f(-6).
8
Let g be 3/(-6) - (-18)/4. Let a be g/14 - 46/14. Let z(s) = 4 - 5 + 15*s - 5*s - 11*s. Give z(a).
2
Let k(m) = -2063*m**2 - 1 - m + 2063*m**2 + 16*m**3. Determine k(-1).
-16
Let a(n) = 8*n - 1. Let f(t) = 3*t - 4*t - 6 + 2*t + 2. Let h be f(5). Determine a(h).
7
Let n(m) = m. Let k be 5/(-5) - (1 + -2). Give n(k).
0
Let x(o) = 5*o**3 - o**2 + 2*o - 1. Let t be (6/(-3) + 1)*-5. Suppose -v = -t*v - 4. Let q be (0 + 1)/(v + 2). Calculate x(q).
5
Let g(m) be the third derivative of m**2 + 1/3*m**3 + 0*m**4 + 0*m + 1/60*m**6 + 1/30*m**5 + 0. Determine g(-2).
-6
Let h be 0 + -1 + (-3)/(-1). Let j(r) = 5*r**2 + 0*r - 4*r**h + 7*r + 4. Determine j(-5).
-6
Suppose -3*z - 2*d = -16, 0 = 3*z + z + 2*d - 20. Let v(l) = 7*l - 2*l**2 + 0 - 1 - l. Calculate v(z).
-9
Let b(g) = g - 1. Let h(a) = -8*a**2 - 4*a + 5. Let k(y) = 5*b(y) + h(y). Let f(w) = -w**2 - 2*w + 2. Let o be f(-3). Determine k(o).
-9
Let w(s) = 10*s**3 + 3*s**2 - 5*s + 4. Let z(b) = 29*b**3 + 8*b**2 - 14*b + 11. Let f(k) = 8*w(k) - 3*z(k). What is f(1)?
-6
Suppose -6*u + 80 = -11*u. Let b be u/(-6) + 6/(-9). Let w(x) be the third derivative of x**4/24 - x**3/3 + 2*x**2. What is w(b)?
0
Let r be (6/(-4)*1)/(-6). Let i(d) be the first derivative of -1/2*d**2 - 8*d - r*d**4 + 0*d**3 + 1. Give i(0).
-8
Let l(h) be the third derivative of -h**4/24